{"id":17,"date":"2011-05-21T14:00:10","date_gmt":"2011-05-21T12:00:10","guid":{"rendered":"http:\/\/www.renee-sibuet.fr\/?page_id=17"},"modified":"2017-04-25T08:36:12","modified_gmt":"2017-04-25T06:36:12","slug":"acceuil","status":"publish","type":"page","link":"https:\/\/renee-sibuet.fr\/?page_id=17","title":{"rendered":"Bienvenue !"},"content":{"rendered":"<p><img loading=\"lazy\" decoding=\"async\" class=\"size-large wp-image-62 alignleft\" title=\"atelierlesroches\" src=\"http:\/\/www.renee-sibuet.fr\/wp-content\/uploads\/2011\/05\/atelierlesroches-768x1024.jpg\" alt=\"\" width=\"184\" height=\"245\" srcset=\"https:\/\/renee-sibuet.fr\/wp-content\/uploads\/2011\/05\/atelierlesroches-768x1024.jpg 768w, https:\/\/renee-sibuet.fr\/wp-content\/uploads\/2011\/05\/atelierlesroches-224x300.jpg 224w, https:\/\/renee-sibuet.fr\/wp-content\/uploads\/2011\/05\/atelierlesroches.jpg 1704w\" sizes=\"auto, (max-width: 184px) 100vw, 184px\" \/><\/p>\n<p><em>Ren\u00e9e Sibuet,<\/em><\/p>\n<p><em>est danseuse et chor\u00e9graphe jusqu&rsquo;en 2004, elle r\u00e9alise alors les d\u00e9cors et dessine les costumes de ses spectacles.<\/em><\/p>\n<p><em><img loading=\"lazy\" decoding=\"async\" class=\"size-large wp-image-68 alignright\" title=\"atelierlesroches2\" src=\"http:\/\/www.renee-sibuet.fr\/wp-content\/uploads\/2011\/05\/atelierlesroches2-768x1024.jpg\" alt=\"\" width=\"184\" height=\"246\" srcset=\"https:\/\/renee-sibuet.fr\/wp-content\/uploads\/2011\/05\/atelierlesroches2-768x1024.jpg 768w, https:\/\/renee-sibuet.fr\/wp-content\/uploads\/2011\/05\/atelierlesroches2-224x300.jpg 224w, https:\/\/renee-sibuet.fr\/wp-content\/uploads\/2011\/05\/atelierlesroches2.jpg 1704w\" sizes=\"auto, (max-width: 184px) 100vw, 184px\" \/><\/em><\/p>\n<p><em>Peintre autodidacte depuis l&rsquo;enfance, elle suit \u00e0 partir de 1980 diff\u00e9rents ateliers d&rsquo;Arts Plastiques : dessin,\u00a0calligraphie, aquarelle, huile, travail de la terre, sculpture et poterie.<\/em><\/p>\n<p><em>Actuellement, elle pratique la peinture \u00e0 l&rsquo;huile en travaillant la mati\u00e8re, r\u00e9alise des nus d&rsquo;apr\u00e8s mod\u00e8les vivants (acrylique, pastel, encre, aquarelle) et cr\u00e9e des terres cuites et crues ; son expressivit\u00e9 l&rsquo;\u00e9loigne de plus en plus du figuratif, mais traduit surtout un besoin visc\u00e9ral de peindre, dessiner et p\u00e9trir.<\/em><\/p>\n","protected":false},"excerpt":{"rendered":"<p>Ren\u00e9e Sibuet, est danseuse et chor\u00e9graphe jusqu&rsquo;en 2004, elle r\u00e9alise alors les d\u00e9cors et dessine les costumes de ses spectacles. Peintre autodidacte depuis l&rsquo;enfance, elle suit \u00e0 partir de 1980 diff\u00e9rents ateliers d&rsquo;Arts Plastiques : dessin,\u00a0calligraphie, aquarelle, huile, travail de la terre, sculpture et poterie. Actuellement, elle pratique la peinture \u00e0 l&rsquo;huile en travaillant la [&hellip;]<\/p>\n","protected":false},"author":1,"featured_media":901,"parent":0,"menu_order":0,"comment_status":"closed","ping_status":"closed","template":"onecolumn-page.php","meta":{"footnotes":"","_links_to":"","_links_to_target":""},"class_list":["post-17","page","type-page","status-publish","has-post-thumbnail","hentry"],"_links":{"self":[{"href":"https:\/\/renee-sibuet.fr\/index.php?rest_route=\/wp\/v2\/pages\/17","targetHints":{"allow":["GET"]}}],"collection":[{"href":"https:\/\/renee-sibuet.fr\/index.php?rest_route=\/wp\/v2\/pages"}],"about":[{"href":"https:\/\/renee-sibuet.fr\/index.php?rest_route=\/wp\/v2\/types\/page"}],"author":[{"embeddable":true,"href":"https:\/\/renee-sibuet.fr\/index.php?rest_route=\/wp\/v2\/users\/1"}],"replies":[{"embeddable":true,"href":"https:\/\/renee-sibuet.fr\/index.php?rest_route=%2Fwp%2Fv2%2Fcomments&post=17"}],"version-history":[{"count":25,"href":"https:\/\/renee-sibuet.fr\/index.php?rest_route=\/wp\/v2\/pages\/17\/revisions"}],"predecessor-version":[{"id":443,"href":"https:\/\/renee-sibuet.fr\/index.php?rest_route=\/wp\/v2\/pages\/17\/revisions\/443"}],"wp:featuredmedia":[{"embeddable":true,"href":"https:\/\/renee-sibuet.fr\/index.php?rest_route=\/wp\/v2\/media\/901"}],"wp:attachment":[{"href":"https:\/\/renee-sibuet.fr\/index.php?rest_route=%2Fwp%2Fv2%2Fmedia&parent=17"}],"curies":[{"name":"wp","href":"https:\/\/api.w.org\/{rel}","templated":true}]}}

<p><img loading="lazy" decoding="async" class="size-large wp-image-62 alignleft" title="atelierlesroches" src="http://www.renee-sibuet.fr/wp-content/uploads/2011/05/atelierlesroches-768x1024.jpg" alt="" width="184" height="245" srcset="https://renee-sibuet.fr/wp-content/uploads/2011/05/atelierlesroches-768x1024.jpg 768w, https://renee-sibuet.fr/wp-content/uploads/2011/05/atelierlesroches-224x300.jpg 224w, https://renee-sibuet.fr/wp-content/uploads/2011/05/atelierlesroches.jpg 1704w" sizes="auto, (max-width: 184px) 100vw, 184px" /></p>
<p><em>Renée Sibuet,</em></p>
<p><em>est danseuse et chorégraphe jusqu&rsquo;en 2004, elle réalise alors les décors et dessine les costumes de ses spectacles.</em></p>
<p><em><img loading="lazy" decoding="async" class="size-large wp-image-68 alignright" title="atelierlesroches2" src="http://www.renee-sibuet.fr/wp-content/uploads/2011/05/atelierlesroches2-768x1024.jpg" alt="" width="184" height="246" srcset="https://renee-sibuet.fr/wp-content/uploads/2011/05/atelierlesroches2-768x1024.jpg 768w, https://renee-sibuet.fr/wp-content/uploads/2011/05/atelierlesroches2-224x300.jpg 224w, https://renee-sibuet.fr/wp-content/uploads/2011/05/atelierlesroches2.jpg 1704w" sizes="auto, (max-width: 184px) 100vw, 184px" /></em></p>
<p><em>Peintre autodidacte depuis l&rsquo;enfance, elle suit à partir de 1980 différents ateliers d&rsquo;Arts Plastiques : dessin, calligraphie, aquarelle, huile, travail de la terre, sculpture et poterie.</em></p>
<p><em>Actuellement, elle pratique la peinture à l&rsquo;huile en travaillant la matière, réalise des nus d&rsquo;après modèles vivants (acrylique, pastel, encre, aquarelle) et crée des terres cuites et crues ; son expressivité l&rsquo;éloigne de plus en plus du figuratif, mais traduit surtout un besoin viscéral de peindre, dessiner et pétrir.</em></p>

<p>Renée Sibuet, est danseuse et chorégraphe jusqu&rsquo;en 2004, elle réalise alors les décors et dessine les costumes de ses spectacles. Peintre autodidacte depuis l&rsquo;enfance, elle suit à partir de 1980 différents ateliers d&rsquo;Arts Plastiques : dessin, calligraphie, aquarelle, huile, travail de la terre, sculpture et poterie. Actuellement, elle pratique la peinture à l&rsquo;huile en travaillant la [&hellip;]</p>
